{"id":2,"date":"2023-10-29T09:23:11","date_gmt":"2023-10-29T08:23:11","guid":{"rendered":"https:\/\/www.ralebsbilar.se\/?page_id=2"},"modified":"2026-02-04T10:32:31","modified_gmt":"2026-02-04T09:32:31","slug":"vara-bilar","status":"publish","type":"page","link":"https:\/\/www.ralebsbilar.se\/index.php\/vara-bilar\/","title":{"rendered":"V\u00e5ra Bilar"},"content":{"rendered":"\n<p><strong>V\u00e5rt lager uppdateras dagligen<\/strong><br>Vill du se vilka bilar vi har f\u00e5tt in? Vi publicerar alla v\u00e5ra fordon p\u00e5 Blocket och BytBil. F\u00f6lj l\u00e4nkarna nedan f\u00f6r att se om vi har bilen du letar efter. V\u00e4lkommen in till oss p\u00e5 Ralebs Bilar!<\/p>\n\n\n\n<figure class=\"wp-block-image size-full\"><a href=\"https:\/\/www.blocket.se\/butik\/ralebs-bilar\"><img loading=\"lazy\" decoding=\"async\" width=\"194\" height=\"50\" src=\"https:\/\/www.ralebsbilar.se\/wp-content\/uploads\/2023\/10\/blocket.png\" alt=\"\" class=\"wp-image-64\"\/><\/a><\/figure>\n\n\n\n<figure class=\"wp-block-image size-full\"><a href=\"https:\/\/www.bytbil.com\/handlare\/ralebs-bilar-6236\" target=\"_blank\" rel=\"noreferrer noopener\"><img loading=\"lazy\" decoding=\"async\" width=\"96\" height=\"50\" src=\"https:\/\/www.ralebsbilar.se\/wp-content\/uploads\/2023\/10\/byt-bil.png\" alt=\"\" class=\"wp-image-62\"\/><\/a><\/figure>\n\n\n\n<p><\/p>\n","protected":false},"excerpt":{"rendered":"<p>V\u00e5rt lager uppdateras dagligenVill du se vilka bilar vi har f\u00e5tt in? Vi publicerar alla v\u00e5ra fordon p\u00e5 Blocket och BytBil. F\u00f6lj l\u00e4nkarna nedan f\u00f6r att se om vi har bilen du letar efter. V\u00e4lkommen in till oss p\u00e5 Ralebs Bilar!<\/p>\n","protected":false},"author":1,"featured_media":0,"parent":0,"menu_order":0,"comment_status":"closed","ping_status":"closed","template":"","meta":{"footnotes":""},"class_list":["post-2","page","type-page","status-publish","hentry"],"_links":{"self":[{"href":"https:\/\/www.ralebsbilar.se\/index.php\/wp-json\/wp\/v2\/pages\/2","targetHints":{"allow":["GET"]}}],"collection":[{"href":"https:\/\/www.ralebsbilar.se\/index.php\/wp-json\/wp\/v2\/pages"}],"about":[{"href":"https:\/\/www.ralebsbilar.se\/index.php\/wp-json\/wp\/v2\/types\/page"}],"author":[{"embeddable":true,"href":"https:\/\/www.ralebsbilar.se\/index.php\/wp-json\/wp\/v2\/users\/1"}],"replies":[{"embeddable":true,"href":"https:\/\/www.ralebsbilar.se\/index.php\/wp-json\/wp\/v2\/comments?post=2"}],"version-history":[{"count":9,"href":"https:\/\/www.ralebsbilar.se\/index.php\/wp-json\/wp\/v2\/pages\/2\/revisions"}],"predecessor-version":[{"id":267,"href":"https:\/\/www.ralebsbilar.se\/index.php\/wp-json\/wp\/v2\/pages\/2\/revisions\/267"}],"wp:attachment":[{"href":"https:\/\/www.ralebsbilar.se\/index.php\/wp-json\/wp\/v2\/media?parent=2"}],"curies":[{"name":"wp","href":"https:\/\/api.w.org\/{rel}","templated":true}]}}